{"id":1361,"date":"2024-09-26T17:24:22","date_gmt":"2024-09-26T17:24:22","guid":{"rendered":"https:\/\/akarat.at\/?page_id=1361"},"modified":"2024-09-27T11:53:55","modified_gmt":"2024-09-27T11:53:55","slug":"ueber-uns","status":"publish","type":"page","link":"https:\/\/franzruescher.at\/?page_id=1361","title":{"rendered":"\u00dcber uns"},"content":{"rendered":"\n<h2 class=\"wp-block-heading\">Ein Familienbetrieb mit Tradition und Herzblut<\/h2>\n\n\n\n<p>Seit Generationen widmen wir uns der Kunst des Schnapsbrennens. Auf unserem idyllisch gelegenen Hof in Andelsbuch, umgeben von der beeindruckenden Berglandschaft Vorarlbergs, entstehen in sorgf\u00e4ltiger Handarbeit besondere Br\u00e4nde, die weit \u00fcber die Grenzen der Region hinaus bekannt sind.<\/p>\n\n\n\n<figure class=\"wp-block-image size-full is-resized\"><img loading=\"lazy\" decoding=\"async\" width=\"640\" height=\"427\" src=\"https:\/\/franzruescher.at\/wp-content\/uploads\/2024\/09\/fewo_ruescher_aussen.jpg\" alt=\"\" class=\"wp-image-1410\" style=\"width:700px\" srcset=\"https:\/\/franzruescher.at\/wp-content\/uploads\/2024\/09\/fewo_ruescher_aussen.jpg 640w, https:\/\/franzruescher.at\/wp-content\/uploads\/2024\/09\/fewo_ruescher_aussen-300x200.jpg 300w\" sizes=\"auto, (max-width: 640px) 100vw, 640px\" \/><\/figure>\n\n\n\n<p><\/p>\n\n\n\n<p>Im Jahr 2017 entschieden wir uns, unsere Leidenschaft auf die n\u00e4chste Stufe zu heben, und Franz lie\u00df sich zum Edelbrand-Sommelier ausbilden. Diese Ausbildung erm\u00f6glicht es uns, die hohe Qualit\u00e4t unserer Produkte nicht nur zu halten, sondern stetig zu verbessern. Franz\u2019 Kenntnisse \u00fcber die Auswahl der Rohstoffe, die ideale Brennzeit und die perfekte Lagerung sorgen daf\u00fcr, dass jeder Edelbrand ein Meisterwerk wird.<\/p>\n\n\n\n<div class=\"wp-block-columns is-layout-flex wp-container-core-columns-is-layout-9d6595d7 wp-block-columns-is-layout-flex\">\n<div class=\"wp-block-column is-layout-flow wp-block-column-is-layout-flow\">\n<figure class=\"wp-block-image size-large\"><img loading=\"lazy\" decoding=\"async\" width=\"1024\" height=\"683\" src=\"https:\/\/franzruescher.at\/wp-content\/uploads\/2024\/09\/DieFotografen_004-1024x683.jpg\" alt=\"\" class=\"wp-image-1421\" srcset=\"https:\/\/franzruescher.at\/wp-content\/uploads\/2024\/09\/DieFotografen_004-1024x683.jpg 1024w, https:\/\/franzruescher.at\/wp-content\/uploads\/2024\/09\/DieFotografen_004-300x200.jpg 300w, https:\/\/franzruescher.at\/wp-content\/uploads\/2024\/09\/DieFotografen_004-768x512.jpg 768w, https:\/\/franzruescher.at\/wp-content\/uploads\/2024\/09\/DieFotografen_004-1536x1024.jpg 1536w, https:\/\/franzruescher.at\/wp-content\/uploads\/2024\/09\/DieFotografen_004-2048x1365.jpg 2048w\" sizes=\"auto, (max-width: 1024px) 100vw, 1024px\" \/><\/figure>\n\n\n\n<div style=\"height:30px\" aria-hidden=\"true\" class=\"wp-block-spacer\"><\/div>\n\n\n\n<figure class=\"wp-block-image size-large\"><img loading=\"lazy\" decoding=\"async\" width=\"1024\" height=\"682\" src=\"https:\/\/franzruescher.at\/wp-content\/uploads\/2024\/09\/FewoBirg_085-1024x682.jpg\" alt=\"\" class=\"wp-image-1414\" srcset=\"https:\/\/franzruescher.at\/wp-content\/uploads\/2024\/09\/FewoBirg_085-1024x682.jpg 1024w, https:\/\/franzruescher.at\/wp-content\/uploads\/2024\/09\/FewoBirg_085-300x200.jpg 300w, https:\/\/franzruescher.at\/wp-content\/uploads\/2024\/09\/FewoBirg_085-768x512.jpg 768w, https:\/\/franzruescher.at\/wp-content\/uploads\/2024\/09\/FewoBirg_085-1536x1024.jpg 1536w, https:\/\/franzruescher.at\/wp-content\/uploads\/2024\/09\/FewoBirg_085.jpg 1700w\" sizes=\"auto, (max-width: 1024px) 100vw, 1024px\" \/><\/figure>\n<\/div>\n\n\n\n<div class=\"wp-block-column is-layout-flow wp-block-column-is-layout-flow\">\n<figure class=\"wp-block-image size-large\"><img loading=\"lazy\" decoding=\"async\" width=\"768\" height=\"1024\" src=\"https:\/\/franzruescher.at\/wp-content\/uploads\/2024\/09\/IMG_20191011_080626_resized_20191016_101259614-768x1024.jpg\" alt=\"\" class=\"wp-image-1415\" srcset=\"https:\/\/franzruescher.at\/wp-content\/uploads\/2024\/09\/IMG_20191011_080626_resized_20191016_101259614-768x1024.jpg 768w, https:\/\/franzruescher.at\/wp-content\/uploads\/2024\/09\/IMG_20191011_080626_resized_20191016_101259614-225x300.jpg 225w, https:\/\/franzruescher.at\/wp-content\/uploads\/2024\/09\/IMG_20191011_080626_resized_20191016_101259614-1152x1536.jpg 1152w, https:\/\/franzruescher.at\/wp-content\/uploads\/2024\/09\/IMG_20191011_080626_resized_20191016_101259614-1536x2048.jpg 1536w, https:\/\/franzruescher.at\/wp-content\/uploads\/2024\/09\/IMG_20191011_080626_resized_20191016_101259614.jpg 1560w\" sizes=\"auto, (max-width: 768px) 100vw, 768px\" \/><\/figure>\n<\/div>\n<\/div>\n\n\n\n<p><\/p>\n","protected":false},"excerpt":{"rendered":"<p>Ein Familienbetrieb mit Tradition und Herzblut Seit Generationen widmen wir uns der Kunst des Schnapsbrennens. Auf unserem idyllisch gelegenen Hof in Andelsbuch, umgeben von der beeindruckenden Berglandschaft Vorarlbergs, entstehen in sorgf\u00e4ltiger Handarbeit besondere Br\u00e4nde, die weit \u00fcber die Grenzen der Region hinaus bekannt sind. Im Jahr 2017 entschieden wir uns, unsere Leidenschaft auf die n\u00e4chste &#8230; <a title=\"\u00dcber uns\" class=\"read-more\" href=\"https:\/\/franzruescher.at\/?page_id=1361\" aria-label=\"Mehr Informationen \u00fcber \u00dcber uns\">Weiterlesen &#8230;<\/a><\/p>\n","protected":false},"author":1,"featured_media":0,"parent":0,"menu_order":0,"comment_status":"closed","ping_status":"closed","template":"","meta":{"footnotes":""},"class_list":["post-1361","page","type-page","status-publish"],"_links":{"self":[{"href":"https:\/\/franzruescher.at\/index.php?rest_route=\/wp\/v2\/pages\/1361","targetHints":{"allow":["GET"]}}],"collection":[{"href":"https:\/\/franzruescher.at\/index.php?rest_route=\/wp\/v2\/pages"}],"about":[{"href":"https:\/\/franzruescher.at\/index.php?rest_route=\/wp\/v2\/types\/page"}],"author":[{"embeddable":true,"href":"https:\/\/franzruescher.at\/index.php?rest_route=\/wp\/v2\/users\/1"}],"replies":[{"embeddable":true,"href":"https:\/\/franzruescher.at\/index.php?rest_route=%2Fwp%2Fv2%2Fcomments&post=1361"}],"version-history":[{"count":11,"href":"https:\/\/franzruescher.at\/index.php?rest_route=\/wp\/v2\/pages\/1361\/revisions"}],"predecessor-version":[{"id":1426,"href":"https:\/\/franzruescher.at\/index.php?rest_route=\/wp\/v2\/pages\/1361\/revisions\/1426"}],"wp:attachment":[{"href":"https:\/\/franzruescher.at\/index.php?rest_route=%2Fwp%2Fv2%2Fmedia&parent=1361"}],"curies":[{"name":"wp","href":"https:\/\/api.w.org\/{rel}","templated":true}]}}